db (base 16) to base 5
-3400
Convert -12 (base 10) to base 5.
-22
Convert -82055 (base 9) to base 7.
-313265
What is 57b (base 12) in base 8?
1457
-4788 (base 10) to base 13
-2244
Convert 161 (base 11) to base 13.
116
124332 (base 5) to base 2
1001101100111
Convert 3946 (base 10) to base 13.
1a47
555 (base 7) to base 16
11d
Convert -2134 (base 6) to base 9.
-604
4078 (base 11) to base 13
2601
Convert -1160 (base 8) to base 11.
-518
5399 (base 13) to base 3
120221022
-10341 (base 5) to base 13
-436
-314f (base 16) to base 6
-134235
Convert 11111302 (base 4) to base 6.
245134
What is d187 (base 15) in base 13?
17191
What is -664 (base 8) in base 16?
-1b4
Convert -5622 (base 10) to base 4.
-1113312
Convert -127 (base 9) to base 14.
-78
Convert -21000000 (base 3) to base 14.
-1c07
What is 1111021 (base 3) in base 11?
8a9
Convert -1021111 (base 3) to base 4.
-32203
1001012 (base 3) to base 11
632
Convert a0a (base 11) to base 10.
1220
6282 (base 12) to base 9
15668
What is 1176 (base 8) in base 12?
452
-15215 (base 8) to base 13
-312b
Convert 122435 (base 7) to base 8.
53765
What is -36174 (base 8) in base 4?
-3301330
What is -c06 (base 14) in base 12?
-1446
Convert -8ca (base 15) to base 10.
-1990
4522 (base 8) to base 11
187a
-ee0 (base 15) to base 12
-1b40
What is 632 (base 10) in base 12?
448
Convert 12146 (base 9) to base 3.
102011120
Convert 26a9 (base 11) to base 6.
24123
Convert -2000102201 (base 3) to base 7.
-223456
What is 3467 (base 11) in base 8?
10706
Convert -4688 (base 13) to base 14.
-3882
Convert -2524 (base 6) to base 11.
-521
What is -8881 (base 11) in base 13?
-5435
What is 13431 (base 7) in base 4?
321000
Convert -46b (base 13) to base 16.
-2fd
6496 (base 11) to base 9
12677
Convert -194 (base 16) to base 15.
-1be
Convert -9155 (base 13) to base 14.
-7416
Convert -103216 (base 7) to base 6.
-215031
Convert 510 (base 8) to base 15.
16d
Convert 94c7 (base 14) to base 11.
18303
Convert 361 (base 12) to base 13.
2cb
-110210010 (base 3) to base 13
-431a
3536 (base 9) to base 13
126c
-60728 (base 9) to base 6
-504555
What is -100101011 (base 2) in base 12?
-20b
11001111111000 (base 2) to base 8
31770
27014 (base 8) to base 13
549a
What is 11176 (base 9) in base 8?
16420
Convert 1d4a (base 14) to base 7.
21423
Convert -182b (base 15) to base 4.
-1101200
What is 5562 (base 11) in base 14?
2956
Convert -13236 (base 9) to base 16.
-22ef
Convert -2180 (base 14) to base 13.
-283b
Convert 400 (base 15) to base 4.
32010
111100000000 (base 2) to base 14
1584
What is 371 (base 9) in base 8?
463
What is -40a (base 12) in base 10?
-586
What is -3bb (base 12) in base 6?
-2355
51248 (base 10) to base 7
302261
Convert 251 (base 14) to base 11.
391
What is 42430 (base 5) in base 16?
b31
Convert 1430 (base 5) to base 3.
22220
Convert 100a (base 16) to base 5.
112411
What is 271 (base 14) in base 7?
1301
11022100 (base 3) to base 5
100031
Convert -46095 (base 10) to base 4.
-23100033
-365254 (base 7) to base 5
-4113204
-1143 (base 9) to base 6
-3533
1ba (base 16) to base 7
1201
What is 6418 (base 10) in base 14?
24a6
Convert -15635 (base 9) to base 12.
-6258
Convert -6582 (base 9) to base 14.
-1aa9
4b64 (base 14) to base 15
3db5
Convert -11010101011110 (base 2) to base 10.
-13662
What is 645 (base 12) in base 13?
557
Convert 1468 (base 12) to base 15.
a8e
101111111 (base 2) to base 16
17f
What is -12e (base 16) in base 15?
-152
What is -33220 (base 4) in base 9?
-1331
Convert -333313 (base 5) to base 14.
-43a4
Convert 347 (base 10) to base 7.
1004
What is 1110001110111 (base 2) in base 11?
5525
1100001101010 (base 2) to base 12
374a
What is -2412121 (base 5) in base 7?
-244131
Convert -1837a (base 11) to base 13.
-b93c
2741 (base 10) to base 2
101010110101
-c188 (base 14) to base 4
-20013130
What is -143 (base 8) in base 7?
-201
10322032 (base 4) to base 12
b77a
Convert 4130 (base 9) to base 3.
11011000
-1100101011 (base 2) to base 7
-2236
Convert -5377 (base 14) to base 7.
-60010
30613 (base 8) to base 10
12683
Convert -6ba0 (base 12) to base 6.
-131520
What is -16551 (base 9) in base 3?
-120121201
What is 170f (base 16) in base 3?
22002122
Convert -221111 (base 5) to base 10.
-7656
What is 11147 (base 10) in base 9?
16255
Convert 3438 (base 11) to base 4.
1012212
Convert -111101001111100 (base 2) to base 7.
-160263
-42d (base 14) to base 2
-1100111001
-770 (base 9) to base 13
-396
Convert 1630 (base 7) to base 13.
3b8
What is -1352 (base 14) in base 9?
-4602
Convert -1a55 (base 11) to base 16.
-a29
12354 (base 6) to base 4
131032
Convert 357 (base 13) to base 8.
1103
1000 (base 2) to base 15
8
What is 323 (base 5) in base 15?
5d
What is -510 (base 6) in base 12?
-136
-26cc4 (base 13) to base 4
-101230230
-101001101100110 (base 2) to base 12
-10432
Convert -13301 (base 6) to base 5.
-31203
Convert -424602 (base 7) to base 6.
-1325110
Convert -1d1 (base 16) to base 3.
-122020
Convert 622 (base 10) to base 4.
21232
Convert 412 (base 14) to base 7.
2222
Convert 2033 (base 7) to base 2.
1011000110
-110110110 (base 2) to base 5
-3223
Convert 3110 (base 13) to base 9.
10255
4020 (base 8) to base 13
c2a
2000120 (base 3) to base 8
2701
Convert 6b8 (base 14) to base 10.
1338
-8135 (base 13) to base 5
-1032124
3200 (base 9) to base 11
1846
Convert 2a6 (base 13) to base 3.
122120
-3478 (base 10) to base 11
-2682
Convert c50 (base 14) to base 5.
34142
What is -111331 (base 4) in base 10?
-1405
Convert 35516 (base 8) to base 16.
3b4e
Convert 12b8 (base 14) to base 16.
ce2
119 (base 16) to base 7
551
42d6 (base 16) to base 11
11945
-62617 (base 8) to base 13
-baac
What is 46333 (base 10) in base 8?
132375
What is -6584 (base 12) in base 11?
-8451
Convert 40414 (base 5) to base 3.
10120122
Convert -250 (base 13) to base 5.
-3103
What is -1000110100111110 (base 2) in base 5?
-2124113
Convert -bf3 (base 16) to base 3.
-11012022
1013103 (base 5) to base 11
1156a
Convert 2255 (base 8) to base 12.
839
Convert 55 (base 12) to base 5.
230
-1100001011010 (base 2) to base 12
-3736
Convert 7b0 (base 14) to base 2.
10111110110
What is -4813 (base 11) in base 5?
-200211
What is -11011111110 (base 2) in base 8?
-3376
What is 100100010 (base 2) in base 7?
563
What is -2430044 (base 5) in base 4?
-23021101
What is -21221 (base 4) in base 16?
-269
4168 (base 12) to base 5
212021
Convert -6055 (base 12) to base 3.
-112022102
bc1b (base 14) to base 7
163634
What is -29 (base 14) in base 10?
-37
Convert -59c (base 14) to base 2.
-10001011110
Convert 13210 (base 4) to base 13.
2b3
What is 481a (base 11) in base 9?
8584
Convert -23073 (base 11) to base 14.
-c227
What is -1862 (base 15) in base 7?
-21233
Convert -242 (base 6) to base 12.
-82
Convert 3424 (base 10) to base 9.
4624
What is 102103 (base 4) in base 9?
1541
17c (base 13) to base 8
420
What is 520 (base 7) in base 9?
317
What is -101101111 (base 2) in base 7?
-1033
What is -808 (base 10) in base 3?
-1002221
Convert -53001 (base 7) to base 11.
-9880
Convert -63b (base 12) to base 6.
-4115
c55 (base 13) to base 3
2212201
What is -100001101101101 (base 2) in base 13?
-7b1a
What is 752 (base 15) in base 10?
1652
-3a (base 14) to base 10
-52
135331 (base 6) to base 5
402441
What is -2477 (base 12) in base 3?
-12122201
4103 (base 6) to base 10
903
Convert 22840 (base 11) to base 10.
32956
What is 17a0 (base 11) in base 9?
3122
What is 1120122220 (base 3) in base 2?
111100101111101
13040 (base 5) to base 15
480
What is -4223 (base 6) in base 2?
-1110110111
What is -124200 (base 6) in base 2?
-10110000101000
Convert 1201222 (base 3) to base 6.
5512
Convert -179a (base 11) to base 5.
-33122
Convert -50 (base 15) to base 10.
-75
Convert 330 (base 16) to base 10.
816
Convert -24b (base 15) to base 9.
-638
Convert -4cd7 (base 15) to base 12.
-95aa
What is 102220 (base 4) in base 6?
5304
What is 27a8 (base 12) in base 9?
6262
What is -1420 (base 10) in base 16?
-58c
What is 10546 (base 9) in base 8?
15540
What is 45 (base 12) in base 14?
3b
607 (base 16) to base 2
11000000111
-1011011010010101 (base 2) to base 7
-253162
Convert -2150 (base 12) to base 14.
-1496
Convert 520 (base 13) to base 4.
31213
Convert 211321 (base 4) to base 16.
979
2d64 (base 15) to base 5
303034
Convert 110255 (base 6) to base 15.
2abe
Convert -503 (base 12)